{"id":43,"date":"2019-02-25T17:58:05","date_gmt":"2019-02-25T16:58:05","guid":{"rendered":"http:\/\/alligatorslanderneau.com\/?page_id=43"},"modified":"2019-05-19T09:08:03","modified_gmt":"2019-05-19T07:08:03","slug":"la-section-ecole-de-pagaie","status":"publish","type":"page","link":"https:\/\/alligatorslanderneau.com\/index.php\/les-sections\/la-section-ecole-de-pagaie\/","title":{"rendered":"La section Ecole de Pagaie"},"content":{"rendered":"\n<figure class=\"wp-block-image\"><img loading=\"lazy\" width=\"1024\" height=\"553\" src=\"http:\/\/alligatorslanderneau.com\/wp-content\/uploads\/2019\/05\/pllarge-1024x553.jpg\" alt=\"\" class=\"wp-image-603\" srcset=\"https:\/\/alligatorslanderneau.com\/wp-content\/uploads\/2019\/05\/pllarge-1024x553.jpg 1024w, https:\/\/alligatorslanderneau.com\/wp-content\/uploads\/2019\/05\/pllarge-300x162.jpg 300w, https:\/\/alligatorslanderneau.com\/wp-content\/uploads\/2019\/05\/pllarge-768x415.jpg 768w\" sizes=\"(max-width: 1024px) 100vw, 1024px\" \/><\/figure>\n\n\n\n<p>La section \u00e9cole de pagaie est la section dans laquelle les enfants commencent et apprennent les bases du cano\u00eb Kayak.<br>Les s\u00e9ances ont lieu les mercredi apr\u00e8s midi et les samedi apr\u00e8s midi.<\/p>\n","protected":false},"excerpt":{"rendered":"<p>La section \u00e9cole de pagaie est la section dans laquelle les enfants commencent et apprennent les bases du cano\u00eb Kayak.Les s\u00e9ances ont lieu les mercredi apr\u00e8s midi et les samedi [&hellip;]<\/p>\n","protected":false},"author":1,"featured_media":0,"parent":81,"menu_order":1,"comment_status":"closed","ping_status":"closed","template":"","meta":[],"_links":{"self":[{"href":"https:\/\/alligatorslanderneau.com\/index.php\/wp-json\/wp\/v2\/pages\/43"}],"collection":[{"href":"https:\/\/alligatorslanderneau.com\/index.php\/wp-json\/wp\/v2\/pages"}],"about":[{"href":"https:\/\/alligatorslanderneau.com\/index.php\/wp-json\/wp\/v2\/types\/page"}],"author":[{"embeddable":true,"href":"https:\/\/alligatorslanderneau.com\/index.php\/wp-json\/wp\/v2\/users\/1"}],"replies":[{"embeddable":true,"href":"https:\/\/alligatorslanderneau.com\/index.php\/wp-json\/wp\/v2\/comments?post=43"}],"version-history":[{"count":4,"href":"https:\/\/alligatorslanderneau.com\/index.php\/wp-json\/wp\/v2\/pages\/43\/revisions"}],"predecessor-version":[{"id":610,"href":"https:\/\/alligatorslanderneau.com\/index.php\/wp-json\/wp\/v2\/pages\/43\/revisions\/610"}],"up":[{"embeddable":true,"href":"https:\/\/alligatorslanderneau.com\/index.php\/wp-json\/wp\/v2\/pages\/81"}],"wp:attachment":[{"href":"https:\/\/alligatorslanderneau.com\/index.php\/wp-json\/wp\/v2\/media?parent=43"}],"curies":[{"name":"wp","href":"https:\/\/api.w.org\/{rel}","templated":true}]}}